b(i) = -9*i + 605. Let s be b(63). What is the highest common divisor of s and 266?
38
Let s(o) = -o**3 + 15*o**2 - 24*o + 18. Let w be s(12). What is the highest common divisor of w and 1062?
18
Let f = -2058 + 2090. Calculate the greatest common divisor of 632 and f.
8
Suppose 0*i + 256 = 4*j + 2*i, 2*j + 4*i = 122. Let p = 73 + j. What is the highest common divisor of 184 and p?
46
Let i(r) = -7*r + 6. Let w be i(5). Let d be (-3)/12 + w/(-4). Let n = -928 - -942. Calculate the greatest common divisor of d and n.
7
Let h = -554 + 915. Let n = 396 - h. What is the highest common factor of 14 and n?
7
Let j(w) = w**2 - w - 42. Let r be j(-6). Suppose r = l - 30 - 14. What is the greatest common factor of 33 and l?
11
Let t = -497 - -510. Suppose 0 = 4*q - 7*q + 12. Suppose -2*x + 302 = 4*m, 2*x - 731 = -3*x - q*m. What is the greatest common divisor of x and t?
13
Suppose 2*z = -2*v + 42, 3*z + 5*v = 65 - 0. What is the greatest common divisor of z and 30?
10
Suppose 5*c = -4*n + 16, -4*n - c + 16 = 3*c. Let r be -4 - 6/(42/(-35)). Let a be 1*(4 + (r - 13)*-5). Calculate the greatest common factor of n and a.
4
Suppose -4*s - 2*s - 443 = -515. Let g = -57 + 93. What is the highest common factor of g and s?
12
Suppose 1 + 69 = 2*t. Let p be 2*210/(-25)*(0 + -5). Let k be 21/14*p/9. What is the highest common divisor of k and t?
7
Let p = 3885 - 3639. What is the greatest common factor of p and 30?
6
Let g be ((-9)/24*-106)/((-1255)/140 + 9). What is the greatest common factor of g and 147?
21
Suppose 61*u = 66*u - 30. Suppose -5*s + 5*b + 58 = b, 0 = 3*b + u. Calculate the greatest common factor of 160 and s.
10
Let c be 1 + (-1311)/(-24) - (-6 - (-810)/144). What is the highest common factor of c and 868?
28
Let i = 448 - 323. Let j = -16 + 66. Calculate the greatest common factor of i and j.
25
Let n = -24 - -14. Let q(y) = 18*y - 182. Let u be q(10). Let f be 74 - n/4*u. What is the highest common factor of f and 3?
3
Let x(r) = -35*r**3 - r**2 - r + 1. Let q be x(1). Let j = -18 - q. Suppose -11*v + 397 = -98. Calculate the greatest common divisor of v and j.
9
Let s = 37 + -6. Let c be -4 - 397/(-6) - 2/12. Calculate the greatest common divisor of c and s.
31
Suppose -56*k + 4623 = -25. What is the greatest common factor of k and 4399?
83
Let l(p) = -p**2 - 5*p - 9. Let g be l(-3). Let c be 0 + 2/g + (-2497)/(-33). Calculate the greatest common divisor of 100 and c.
25
Suppose -4*f = -76 - 48. Suppose 0 = f*l - 32*l + 185. What is the highest common divisor of 74 and l?
37
Let y be 4 - -3*5/(60/6304). What is the greatest common divisor of y and 20?
20
Let p = -16082 + 16329. Let z = -195 + 309. What is the greatest common factor of z and p?
19
Suppose -4*v + 4000 = 5*y, -2*y - 2*v + 328 = -1270. What is the greatest common factor of y and 12?
12
Let x(s) = 3*s**3 - 19*s**2 - 2*s + 8. Let l be x(7). Suppose -16 = -88*r + l*r. Let q be r + 2 + -9 + 55. Calculate the highest common divisor of 22 and q.
22
Let n(z) = -z**2 + 7*z - 9. Let p be n(5). Suppose 2*j - 49 = -p. Let o be (-2)/(-8)*j/6. Calculate the greatest common factor of 1 and o.
1
Let m = 21 + -13. Let f be (-4)/58 - (-1121461)/85811. Calculate the greatest common divisor of f and m.
1
Suppose -292 = 4*v - 5*p, -111 - 35 = 2*v + p. Let i = -55 - v. Let c = 57 - i. What is the highest common factor of 156 and c?
39
Let n = 21567 + -21117. What is the highest common divisor of 8250 and n?
150
Suppose -24*j + 56 + 232 = -240. Calculate the highest common divisor of 108 and j.
2
Suppose -2*q + 20 = -0*t + t, t - 4*q = 14. Let w(v) = 13*v**2 - 15*v - 130. Let h be w(11). Calculate the greatest common factor of h and t.
18
Suppose -4*h + 2*d + 152 = -d, 3*d - 38 = -h. Let q = h - 64. Let n be (-4)/(-28) - q/14. What is the greatest common divisor of 1 and n?
1
Suppose -m - 138 = -v - 72, -4*v - 4*m = -264. What is the greatest common divisor of v and 4?
2
Suppose 0 = 4*a + 16, 5*w + 16*a - 26632 = 19*a. What is the greatest common divisor of 66 and w?
22
Let p be 9/4 + (-3)/(-4). Let h = -316 + 328. Suppose -22 = h*n - 23*n. What is the highest common divisor of p and n?
1
Suppose -1484 - 799 = -b - 3*d, b - 2276 = 4*d. What is the greatest common divisor of 540 and b?
60
Suppose 106*r + 16268 = 272*r. Calculate the greatest common divisor of 2506 and r.
14
Let x = 1715 + -1706. What is the highest common factor of 16 and x?
1
Let d = -27 + 39. Let s(u) = -11*u + 149. Let y be s(d). Suppose -2*x = -21 - 13. What is the greatest common factor of y and x?
17
Let m = -1789 + 5287. Suppose m = 41*g + 12*g. Suppose 5*j = -15, 2*j = 4*q - j - 185. What is the highest common divisor of q and g?
22
Let a be (-19 + 1)/(6/(-66)). Suppose -6*u - 204 = a. Let i = u - -79. What is the greatest common factor of 30 and i?
6
Suppose -284 = -60*a + 136. Calculate the greatest common divisor of a and 5663.
7
Let g be 1/4 + (-6)/24. Let k(a) = -a**3 + a**2 + a + 35. Let v be k(g). Suppose z - 95 = -90. What is the greatest common divisor of z and v?
5
Let u(z) = -10 - 6*z + 3*z + 10*z - 3*z. Let y = -2 + 8. Let f be u(y). What is the highest common factor of 2 and f?
2
Let o = 532 - 226. Let b = o + -170. Suppose 0 = w - 0*w - 17. Calculate the highest common divisor of w and b.
17
Let b = -122 - -136. Suppose -4*c - 100 = 2*y - 0*c, 0 = 3*y - 4*c + 140. Let x = y - -202. What is the highest common factor of b and x?
14
Suppose -30*t + 25*t + 75 = 0. Suppose 0 = t*d - 160 - 185. Calculate the greatest common factor of d and 184.
23
Let u be -1 + 2 - (0 + -4 - 9). Suppose 0*a + 4*a + 2*g = 950, 0 = 3*a + 2*g - 712. Calculate the highest common divisor of u and a.
14
Let z be 2 + 4 - (1 - -1). Let x be (-282)/22 + 4/(-22). Let a(n) = -2*n + 18. Let t be a(x). What is the highest common divisor of t and z?
4
Let w(m) = -m**3 - 50*m**2 - 54*m - 56. Let a be w(-49). Calculate the highest common divisor of 3339 and a.
63
Let t(u) = -1752*u**3 - 73*u + 1753*u**3 - 6 + 3 + u**2. Let b be t(-9). What is the highest common divisor of b and 18?
6
Let s = 1769 - 918. Let k(p) = 39*p - 14. Let f be k(9). Suppose f = 9*y - s. Calculate the greatest common factor of y and 12.
12
Let g = -205 - -1191. Calculate the greatest common factor of 170 and g.
34
Suppose 6*f + g + 17 = 2*f, 4*f - 3*g - 3 = 0. Let d be (55 - (0 + 4))/(f/(-2)). Calculate the highest common divisor of d and 221.
17
Suppose 685 = -8*p + 3741. What is the highest common factor of p and 2?
2
Let o(w) = 5*w - 4. Let k be o(-2). Let g = k + -13. Let y = 92 + g. What is the highest common factor of 13 and y?
13
Let s(l) be the first derivative of -l**2/2 - 4*l - 4. Let c be s(-12). Let v be 44/(-242) + 2910/33. Calculate the highest common factor of v and c.
8
Let x = 2 - -6. Let k(a) = -a**3 - 18*a**2 - 53*a + 4. Let h be k(-3). Calculate the greatest common divisor of h and x.
4
Let s be (-10)/(-25) - (10 + 936/(-10)). Calculate the highest common divisor of s and 896.
28
Let a = 401 + -225. Let b = a - -118. Calculate the highest common factor of b and 98.
98
Suppose 202205 = 51*c - 22705. What is the highest common divisor of c and 147?
147
Suppose -21 = -2*o + 5*b - 40, -5*o + 5*b - 55 = 0. Let k be 243/o*(-16)/6. Calculate the highest common divisor of k and 6.
6
Suppose -6*d + 8*d = -3*a + 23, 4*a + 3*d = 32. Suppose -a*l = 3*o - 740, 5*o + 0*o + l = 1270. What is the highest common divisor of o and 17?
17
Suppose -16 = 2*g + 50. Let z = 3425 + -3451. Let u = z - g. Calculate the highest common divisor of 56 and u.
7
Let c be ((-12458)/(-6) - -2) + (-12)/9. Let s = c - 621. What is the highest common divisor of 91 and s?
91
Let p = -7581 - -10631. What is the greatest common divisor of p and 244?
122
Suppose -p = 26*k - 21*k - 89, -2*k - 118 = -2*p. Calculate the greatest common factor of p and 2144.
32
Let l = 9859 + -9267. Calculate the greatest common divisor of l and 16.
16
Let f(m) = m**3 + 4*m**2 - 17*m - 27. Let b be f(-6). Suppose 0 = -16*a + b*a + 91. What is the greatest common factor of a and 2?
1
Let g(z) be the second derivative of 2*z**3 - z**2 - z - 4. Let x be g(6). What is the highest common factor of x and 126?
14
Suppose 111*u + 273 = 114*u + 3*x, 0 = -u + x + 89. Calculate the greatest common divisor of 1530 and u.
90
Le